culate the greatest common factor of 4026863 and 644.
23
Calculate the highest common divisor of 224 and 73165792.
224
Calculate the highest common factor of 17896 and 5344193.
2237
Calculate the highest common factor of 1512432 and 1284.
12
Calculate the highest common factor of 5324 and 11224202.
242
Calculate the highest common divisor of 52274333 and 1895.
379
What is the highest common factor of 35879974 and 15678?
1742
Calculate the highest common factor of 3584848 and 21472.
976
Calculate the greatest common factor of 378 and 654990.
42
Calculate the greatest common divisor of 671 and 90541.
11
Calculate the highest common factor of 226996 and 22484.
308
What is the greatest common divisor of 280 and 85827980?
140
Calculate the greatest common divisor of 5904 and 75112.
328
Calculate the greatest common factor of 167502935 and 5.
5
Calculate the highest common divisor of 1520860 and 176.
44
Calculate the highest common divisor of 1615 and 1162990.
95
What is the highest common factor of 211875500 and 500?
500
What is the greatest common factor of 7344 and 39350988?
1836
Calculate the highest common divisor of 1354 and 1286359576.
1354
Calculate the highest common divisor of 2636 and 361100368.
2636
What is the greatest common divisor of 5533977 and 3?
3
What is the greatest common divisor of 108 and 792165501?
27
Calculate the highest common factor of 118 and 115122039.
59
What is the highest common factor of 63 and 33091191?
63
What is the highest common divisor of 16942 and 15007?
43
What is the greatest common divisor of 96 and 29586864?
48
What is the greatest common divisor of 309 and 14277?
3
Calculate the greatest common factor of 26240 and 1494860.
820
What is the greatest common factor of 133 and 3451939?
19
What is the greatest common divisor of 272 and 5693864?
8
What is the greatest common factor of 160 and 22002784?
32
What is the highest common divisor of 24670724 and 52?
52
Calculate the greatest common divisor of 30 and 102383634.
6
What is the greatest common divisor of 155342 and 4663296?
506
Calculate the highest common factor of 34910 and 73050.
10
Calculate the highest common factor of 27760 and 2962480.
80
Calculate the highest common factor of 23184 and 238096.
368
Calculate the highest common factor of 1416222 and 41697.
369
What is the highest common divisor of 655310 and 127680?
190
What is the greatest common divisor of 5814 and 8223750?
306
What is the greatest common divisor of 50044557 and 2157?
2157
Calculate the highest common factor of 14462945 and 1780.
445
Calculate the greatest common divisor of 1373413195 and 2926.
1463
What is the greatest common divisor of 2150 and 125830?
10
Calculate the greatest common divisor of 475227240 and 2280.
2280
Calculate the highest common divisor of 3912150 and 633600.
1650
What is the greatest common factor of 4210280 and 25728?
536
Calculate the highest common factor of 11410 and 1184750.
70
What is the greatest common divisor of 104 and 11656385?
13
Calculate the greatest common factor of 4257 and 975627.
387
Calculate the greatest common divisor of 195468 and 815724.
1092
Calculate the greatest common divisor of 48374664 and 18.
6
What is the greatest common factor of 297325 and 129124?
1699
Calculate the highest common divisor of 76773 and 92787.
471
What is the greatest common factor of 4766058 and 242?
22
What is the greatest common factor of 240 and 1806655?
5
Calculate the greatest common divisor of 12935816 and 53.
53
What is the greatest common factor of 9564399 and 81003?
1209
Calculate the highest common factor of 2942132519 and 278.
139
What is the greatest common divisor of 19168 and 26541690?
1198
Calculate the greatest common factor of 5200490 and 162600.
2710
Calculate the highest common divisor of 12 and 133936444.
4
What is the greatest common factor of 8 and 296668?
4
Calculate the greatest common divisor of 192 and 361770.
6
Calculate the highest common divisor of 54373 and 16181.
11
What is the highest common factor of 278 and 68593859?
139
What is the greatest common factor of 105 and 346277865?
15
What is the greatest common factor of 7191 and 152609?
799
Calculate the greatest common factor of 495 and 827656830.
495
Calculate the highest common factor of 56 and 926212.
28
What is the highest common factor of 1527 and 23117253?
1527
What is the greatest common factor of 68200656 and 240?
48
Calculate the greatest common divisor of 57637241 and 247.
19
What is the greatest common factor of 6958408 and 190?
38
Calculate the greatest common divisor of 135582 and 530838.
2298
What is the greatest common factor of 15983588 and 4?
4
What is the highest common factor of 2706 and 2079438?
246
Calculate the greatest common divisor of 44253836 and 2389.
2389
What is the highest common factor of 226 and 894868?
2
Calculate the greatest common divisor of 26320105 and 343.
343
What is the greatest common divisor of 99306 and 766250?
1226
Calculate the greatest common divisor of 317176017 and 1883.
269
What is the highest common divisor of 93611212 and 8?
4
Calculate the highest common factor of 16244 and 634255102.
8122
Calculate the highest common factor of 50 and 46041425.
25
What is the highest common factor of 12559 and 443531?
661
What is the highest common factor of 9908360 and 127820?
1540
What is the highest common factor of 180377745 and 30?
15
Calculate the highest common divisor of 386617 and 2615941.
5021
Calculate the greatest common divisor of 4054553 and 106.
53
Calculate the greatest common factor of 515515813 and 23.
23
What is the highest common factor of 75626796 and 12?
12
Calculate the greatest common divisor of 254675 and 957700.
1525
Calculate the greatest common divisor of 336317534 and 28.
14
Calculate the highest common factor of 1051 and 1349605916.
1051
Calculate the greatest common divisor of 69680 and 1490.
10
Calculate the highest common factor of 311536577 and 374.
187
What is the greatest common factor of 100 and 1931420?
20
What is the greatest common divisor of 3365278 and 5322?
1774
What is the greatest common factor of 913779895 and 35?
35
Calculate the greatest common divisor of 394 and 255159522.
394
What is the greatest common divisor of 95812224 and 4071?
177
What is the highest common divisor of 9108 and 38720?
44
Calculate the highest common factor of 15130 and 4872305.
445
Calculate the highest common divisor of 19868800 and 16000.
3200
Calculate the highest common divisor of 4056 and 34278.
6
Calculate the highest common divisor of 112010267 and 19343.
841
What is the greatest common divisor of 270962796 and 249?
249
Calculate the highest common divisor of 1273553 and 8251.
223
Calculate the highest common factor of 4640 and 758495.
145
Calculate the highest common factor of 696 and 11954235.
87
What is the highest common factor of 3681860 and 157505?
1445
Calculate the highest common divisor of 183838 and 21709.
17
What is the greatest common divisor of 113488 and 38704?
656
What is the greatest common factor of 838 and 29371481?
419
What is the highest common divisor of 141302601 and 132?
33
Calculate the highest common factor of 465152 and 22816.
736
What is the highest common divisor of 166 and 236820082?
166
Calculate the highest common factor of 9940 and 198402400.
9940
What is the highest common factor of 1210969353 and 33?
33
What is the highest common factor of 6086 and 54363374?
358
Calculate the greatest common divisor of 5810 and 25620.
70
Calculate the highest common factor of 284 and 924292.
4
Calculate the highest common factor of 13 and 11511877.
13
What is the greatest common divisor of 3 and 15190551?
3
What is the greatest common factor of 216682 and 2380?
34
Calculate the greatest common factor of 26619 and 2187.
3
What is the highest common divisor of 455523 and 1437?
3
Calculate the greatest common factor of 71130 and 50670.
30
Calculate the greatest common factor of 154 and 3102659.
7
Calculate the highest common divisor of 4418705 and 235.
235
What is the greatest common factor of 15614280 and 825?
165
Calculate the greatest common divisor of 180 and 71158900.
20
What is the greatest common divisor of 171690 and 16290180?
2910
What is the highest common factor of 14400 and 39640?
40
